{"id":2449,"date":"2020-06-24T10:38:23","date_gmt":"2020-06-24T08:38:23","guid":{"rendered":"http:\/\/zimmermann-industriekaelte.de\/?page_id=2449"},"modified":"2020-10-15T16:26:30","modified_gmt":"2020-10-15T14:26:30","slug":"arbeiten-bei-zip","status":"publish","type":"page","link":"https:\/\/www.zimmermann-industriekaelte.de\/?page_id=2449","title":{"rendered":"Ein cooles Team &#8211; Sei dabei"},"content":{"rendered":"<p>[vc_row][vc_column][rev_slider_vc alias=&#8220;ein-cooles-team-sei-dabei&#8220;][\/vc_column][\/vc_row][vc_row][vc_column][vc_empty_space height=&#8220;50px&#8220;][\/vc_column][\/vc_row][vc_row][vc_column width=&#8220;1\/4&#8243;]\n\t<a href=>\n\t<div class=\"cart-img-text-1\">\n    <div  class=\"cart-img ba-second-color hvr-float\">\n      <div class=\"tfassel\">\n        <h4 class=\"title margin-bottom-15px\">Service-Monteure f\u00fcr K\u00e4ltetechnik<\/h4>\n        <div class=\"des margin-bottom-10px\"><\/div>\n      <\/div>\n      <div class=\"img_grad\"><\/div>\n      <div class=\"img_in\"><img src=https:\/\/www.zimmermann-industriekaelte.de\/wp-content\/uploads\/2020\/07\/Kundendienst-500x600.jpg alt=\"\"><\/div>\n    <\/div>\n\t<\/div>\n\t<\/a>[\/vc_column][vc_column width=&#8220;1\/4&#8243;]\n\t<a href=>\n\t<div class=\"cart-img-text-1\">\n    <div  class=\"cart-img ba-second-color hvr-float\">\n      <div class=\"tfassel\">\n        <h4 class=\"title margin-bottom-15px\">MSR-Techniker \/ Programmierer<\/h4>\n        <div class=\"des margin-bottom-10px\"><\/div>\n      <\/div>\n      <div class=\"img_grad\"><\/div>\n      <div class=\"img_in\"><img src=https:\/\/www.zimmermann-industriekaelte.de\/wp-content\/uploads\/2020\/07\/Schaltschrank-500x600.jpg alt=\"\"><\/div>\n    <\/div>\n\t<\/div>\n\t<\/a>[\/vc_column][vc_column width=&#8220;1\/4&#8243;]\n\t<a href=>\n\t<div class=\"cart-img-text-1\">\n    <div  class=\"cart-img ba-second-color hvr-float\">\n      <div class=\"tfassel\">\n        <h4 class=\"title margin-bottom-15px\">Bauleiter und bauleitende Monteure<\/h4>\n        <div class=\"des margin-bottom-10px\"><\/div>\n      <\/div>\n      <div class=\"img_grad\"><\/div>\n      <div class=\"img_in\"><img src=https:\/\/www.zimmermann-industriekaelte.de\/wp-content\/uploads\/2020\/07\/Bauleiter2-500x600.jpg alt=\"\"><\/div>\n    <\/div>\n\t<\/div>\n\t<\/a>[\/vc_column][vc_column width=&#8220;1\/4&#8243;]\n\t<a href=>\n\t<div class=\"cart-img-text-1\">\n    <div  class=\"cart-img ba-second-color hvr-float\">\n      <div class=\"tfassel\">\n        <h4 class=\"title margin-bottom-15px\">Auszubildende<\/h4>\n        <div class=\"des margin-bottom-10px\"><\/div>\n      <\/div>\n      <div class=\"img_grad\"><\/div>\n      <div class=\"img_in\"><img src=https:\/\/www.zimmermann-industriekaelte.de\/wp-content\/uploads\/2020\/10\/gery-wibowo-Eti6ph51H4A-unsplash-500x600.jpg alt=\"\"><\/div>\n    <\/div>\n\t<\/div>\n\t<\/a>[\/vc_column][\/vc_row][vc_row][vc_column][vc_empty_space height=&#8220;50px&#8220;][\/vc_column][\/vc_row][vc_row][vc_column]<div role=\"form\" class=\"wpcf7\" id=\"wpcf7-f2830-o1\" lang=\"de-DE\" dir=\"ltr\">\n<div class=\"screen-reader-response\"><\/div>\n<form action=\"\/index.php?rest_route=%2Fwp%2Fv2%2Fpages%2F2449#wpcf7-f2830-o1\" method=\"post\" class=\"wpcf7-form\" novalidate=\"novalidate\">\n<div style=\"display: none;\">\n<input type=\"hidden\" name=\"_wpcf7\" value=\"2830\" \/>\n<input type=\"hidden\" name=\"_wpcf7_version\" value=\"5.0.4\" \/>\n<input type=\"hidden\" name=\"_wpcf7_locale\" value=\"de_DE\" \/>\n<input type=\"hidden\" name=\"_wpcf7_unit_tag\" value=\"wpcf7-f2830-o1\" \/>\n<input type=\"hidden\" name=\"_wpcf7_container_post\" value=\"0\" \/>\n<\/div>\n<p><label> Dein Name (Pflichtfeld)<br \/>\n    <span class=\"wpcf7-form-control-wrap your-name\"><input type=\"text\" name=\"your-name\" value=\"\" size=\"40\" class=\"wpcf7-form-control wpcf7-text wpcf7-validates-as-required\" aria-required=\"true\" aria-invalid=\"false\" \/><\/span> <\/label><\/p>\n<p><label> Deine E-Mail Adresse (Pflichtfeld)<br \/>\n    <span class=\"wpcf7-form-control-wrap your-email\"><input type=\"email\" name=\"your-email\" value=\"\" size=\"40\" class=\"wpcf7-form-control wpcf7-text wpcf7-email wpcf7-validates-as-required wpcf7-validates-as-email\" aria-required=\"true\" aria-invalid=\"false\" \/><\/span> <\/label><\/p>\n<p><label> F\u00fcr welchen Bereich interessierst Du Dich?<br \/>\n    <span class=\"wpcf7-form-control-wrap your-subject\"><input type=\"text\" name=\"your-subject\" value=\"\" size=\"40\" class=\"wpcf7-form-control wpcf7-text\" aria-invalid=\"false\" \/><\/span> <\/label><\/p>\n<p><label> Trage hier Deine Telefonnummer ein, wir werden Dich bald kontaktieren!<br \/>\n    <span class=\"wpcf7-form-control-wrap your-message\"><textarea name=\"your-message\" cols=\"40\" rows=\"10\" class=\"wpcf7-form-control wpcf7-textarea\" aria-invalid=\"false\"><\/textarea><\/span> <\/label><\/p>\n<p><input type=\"submit\" value=\"Senden\" class=\"wpcf7-form-control wpcf7-submit\" \/><\/p>\n<div class=\"wpcf7-response-output wpcf7-display-none\"><\/div><\/form><\/div>[vc_empty_space height=&#8220;30px&#8220;][\/vc_column][\/vc_row][vc_row slider_content=&#8220;&#8220; css=&#8220;.vc_custom_1593961866672{background-color: #01164b !important;}&#8220;][vc_column][vc_empty_space height=&#8220;30px&#8220;]\n        <div class=\"salim-section-title style_light margin-bottom-45px text-center style_layout_2\">\n          <div class=\"sub_title\">Zimmermann GmbH<\/div>\n          <h2 class=\"size_large size_large text-uppercase font-weight-700 \">K\u00e4lte braucht vertrauen - Ihr Ansprechpartner f\u00fcr ma\u00dfgeschneiderte Anlagenkonzepte<\/h2><div class=\"salim-desrip\"><\/div><a href=\"https:\/\/www.zimmermann-industriekaelte.de\/?page_id=2443\" class=\"title-link bottom-effect hvr-bob\">Kontakt<\/a><\/div>[\/vc_column][\/vc_row]<\/p>\n","protected":false},"excerpt":{"rendered":"<p>[vc_row][vc_column][rev_slider_vc alias=&#8220;ein-cooles-team-sei-dabei&#8220;][\/vc_column][\/vc_row][vc_row][vc_column][vc_empty_space height=&#8220;50px&#8220;][\/vc_column][\/vc_row][vc_row][vc_column width=&#8220;1\/4&#8243;][\/vc_column][vc_column width=&#8220;1\/4&#8243;][\/vc_column][vc_column width=&#8220;1\/4&#8243;][\/vc_column][vc_column width=&#8220;1\/4&#8243;][\/vc_column][\/vc_row][vc_row][vc_column][vc_empty_space height=&#8220;50px&#8220;][\/vc_column][\/vc_row][vc_row][vc_column][vc_empty_space height=&#8220;30px&#8220;][\/vc_column][\/vc_row][vc_row slider_content=&#8220;&#8220; css=&#8220;.vc_custom_1593961866672{background-color: #01164b !important;}&#8220;][vc_column][vc_empty_space height=&#8220;30px&#8220;][\/vc_column][\/vc_row]<\/p>\n","protected":false},"author":1,"featured_media":0,"parent":0,"menu_order":0,"comment_status":"closed","ping_status":"closed","template":"page-templates\/home-page.php","meta":[],"_links":{"self":[{"href":"https:\/\/www.zimmermann-industriekaelte.de\/index.php?rest_route=\/wp\/v2\/pages\/2449"}],"collection":[{"href":"https:\/\/www.zimmermann-industriekaelte.de\/index.php?rest_route=\/wp\/v2\/pages"}],"about":[{"href":"https:\/\/www.zimmermann-industriekaelte.de\/index.php?rest_route=\/wp\/v2\/types\/page"}],"author":[{"embeddable":true,"href":"https:\/\/www.zimmermann-industriekaelte.de\/index.php?rest_route=\/wp\/v2\/users\/1"}],"replies":[{"embeddable":true,"href":"https:\/\/www.zimmermann-industriekaelte.de\/index.php?rest_route=%2Fwp%2Fv2%2Fcomments&post=2449"}],"version-history":[{"count":33,"href":"https:\/\/www.zimmermann-industriekaelte.de\/index.php?rest_route=\/wp\/v2\/pages\/2449\/revisions"}],"predecessor-version":[{"id":2898,"href":"https:\/\/www.zimmermann-industriekaelte.de\/index.php?rest_route=\/wp\/v2\/pages\/2449\/revisions\/2898"}],"wp:attachment":[{"href":"https:\/\/www.zimmermann-industriekaelte.de\/index.php?rest_route=%2Fwp%2Fv2%2Fmedia&parent=2449"}],"curies":[{"name":"wp","href":"https:\/\/api.w.org\/{rel}","templated":true}]}}